{"id":10249,"date":"2020-06-24T10:50:22","date_gmt":"2020-06-24T09:50:22","guid":{"rendered":"https:\/\/temp.villadurocfleuri.fr\/wp-content\/uploads\/2020\/06\/terrasse-priv\u00e9e.jpg"},"modified":"2026-01-09T16:06:10","modified_gmt":"2026-01-09T15:06:10","slug":"terrasse-privee-2-2","status":"inherit","type":"attachment","link":"https:\/\/www.villadurocfleuri.fr\/en\/for-a-relaxing-moment\/terrasse-privee-2-2\/","title":{"rendered":"terrasse priv\u00e9e"},"author":3,"featured_media":0,"comment_status":"open","ping_status":"closed","template":"","meta":[],"class_list":["post-10249","attachment","type-attachment","status-inherit","hentry"],"aioseo_notices":[],"description":{"rendered":"<style type=\"text\/css\"><\/style><p class=\"attachment\"><a href='https:\/\/www.villadurocfleuri.fr\/wp-content\/uploads\/2020\/06\/terrasse-priv\u00e9e.jpg'><img loading=\"lazy\" decoding=\"async\" width=\"200\" height=\"300\" src=\"https:\/\/www.villadurocfleuri.fr\/wp-content\/uploads\/2020\/06\/terrasse-priv\u00e9e-200x300.jpg\" class=\"attachment-medium size-medium\" alt=\"entr\u00e9e privative des chambres de la maison d&#039;h\u00f4te Le Roc Fleuri \u00e0 Cannes 06\" srcset=\"https:\/\/www.villadurocfleuri.fr\/wp-content\/uploads\/2020\/06\/terrasse-priv\u00e9e-200x300.jpg 200w, https:\/\/www.villadurocfleuri.fr\/wp-content\/uploads\/2020\/06\/terrasse-priv\u00e9e-682x1024.jpg 682w, https:\/\/www.villadurocfleuri.fr\/wp-content\/uploads\/2020\/06\/terrasse-priv\u00e9e-768x1154.jpg 768w, https:\/\/www.villadurocfleuri.fr\/wp-content\/uploads\/2020\/06\/terrasse-priv\u00e9e-1022x1536.jpg 1022w, https:\/\/www.villadurocfleuri.fr\/wp-content\/uploads\/2020\/06\/terrasse-priv\u00e9e-1363x2048.jpg 1363w, https:\/\/www.villadurocfleuri.fr\/wp-content\/uploads\/2020\/06\/terrasse-priv\u00e9e-580x871.jpg 580w, https:\/\/www.villadurocfleuri.fr\/wp-content\/uploads\/2020\/06\/terrasse-priv\u00e9e-860x1292.jpg 860w, https:\/\/www.villadurocfleuri.fr\/wp-content\/uploads\/2020\/06\/terrasse-priv\u00e9e-1160x1743.jpg 1160w, https:\/\/www.villadurocfleuri.fr\/wp-content\/uploads\/2020\/06\/terrasse-priv\u00e9e-scaled.jpg 1704w\" sizes=\"auto, (max-width: 200px) 100vw, 200px\" \/><\/a><\/p>\n<p>entr\u00e9e priv\u00e9e de la maison d&#8217;h\u00f4te Le Roc Fleuri \u00e0 Cannes 06<\/p>\n"},"caption":{"rendered":"<p>entr\u00e9e priv\u00e9e de la maison d&#8217;h\u00f4te Le Roc Fleuri \u00e0 Cannes 06<\/p>\n"},"alt_text":"entr\u00e9e privative des chambres de la maison d'h\u00f4te Le Roc Fleuri \u00e0 Cannes 06","media_type":"image","mime_type":"image\/jpeg","media_details":{"width":1704,"height":2560,"file":"2020\/06\/terrasse-priv\u00e9e-scaled.jpg","sizes":{"medium":{"file":"terrasse-priv\u00e9e-200x300.jpg","width":200,"height":300,"mime_type":"image\/jpeg","source_url":"https:\/\/www.villadurocfleuri.fr\/wp-content\/uploads\/2020\/06\/terrasse-priv\u00e9e-200x300.jpg"},"large":{"file":"terrasse-priv\u00e9e-682x1024.jpg","width":682,"height":1024,"mime_type":"image\/jpeg","source_url":"https:\/\/www.villadurocfleuri.fr\/wp-content\/uploads\/2020\/06\/terrasse-priv\u00e9e-682x1024.jpg"},"thumbnail":{"file":"terrasse-priv\u00e9e-150x150.jpg","width":150,"height":150,"mime_type":"image\/jpeg","source_url":"https:\/\/www.villadurocfleuri.fr\/wp-content\/uploads\/2020\/06\/terrasse-priv\u00e9e-150x150.jpg"},"medium_large":{"file":"terrasse-priv\u00e9e-768x1154.jpg","width":768,"height":1154,"mime_type":"image\/jpeg","source_url":"https:\/\/www.villadurocfleuri.fr\/wp-content\/uploads\/2020\/06\/terrasse-priv\u00e9e-768x1154.jpg"},"1536x1536":{"file":"terrasse-priv\u00e9e-1022x1536.jpg","width":1022,"height":1536,"mime_type":"image\/jpeg","source_url":"https:\/\/www.villadurocfleuri.fr\/wp-content\/uploads\/2020\/06\/terrasse-priv\u00e9e-1022x1536.jpg"},"2048x2048":{"file":"terrasse-priv\u00e9e-1363x2048.jpg","width":1363,"height":2048,"mime_type":"image\/jpeg","source_url":"https:\/\/www.villadurocfleuri.fr\/wp-content\/uploads\/2020\/06\/terrasse-priv\u00e9e-1363x2048.jpg"},"post-thumbnail":{"file":"terrasse-priv\u00e9e-800x600.jpg","width":800,"height":600,"mime_type":"image\/jpeg","source_url":"https:\/\/www.villadurocfleuri.fr\/wp-content\/uploads\/2020\/06\/terrasse-priv\u00e9e-800x600.jpg"},"small-thumb":{"file":"terrasse-priv\u00e9e-55x55.jpg","width":55,"height":55,"mime_type":"image\/jpeg","source_url":"https:\/\/www.villadurocfleuri.fr\/wp-content\/uploads\/2020\/06\/terrasse-priv\u00e9e-55x55.jpg"},"square-thumb":{"file":"terrasse-priv\u00e9e-300x300.jpg","width":300,"height":300,"mime_type":"image\/jpeg","source_url":"https:\/\/www.villadurocfleuri.fr\/wp-content\/uploads\/2020\/06\/terrasse-priv\u00e9e-300x300.jpg"},"blog-masonry-thumb":{"file":"terrasse-priv\u00e9e-580x325.jpg","width":580,"height":325,"mime_type":"image\/jpeg","source_url":"https:\/\/www.villadurocfleuri.fr\/wp-content\/uploads\/2020\/06\/terrasse-priv\u00e9e-580x325.jpg"},"project-thumb":{"file":"terrasse-priv\u00e9e-580x400.jpg","width":580,"height":400,"mime_type":"image\/jpeg","source_url":"https:\/\/www.villadurocfleuri.fr\/wp-content\/uploads\/2020\/06\/terrasse-priv\u00e9e-580x400.jpg"},"project-masonry-thumb":{"file":"terrasse-priv\u00e9e-580x871.jpg","width":580,"height":871,"mime_type":"image\/jpeg","source_url":"https:\/\/www.villadurocfleuri.fr\/wp-content\/uploads\/2020\/06\/terrasse-priv\u00e9e-580x871.jpg"},"masonry-thumb":{"file":"terrasse-priv\u00e9e-860x1292.jpg","width":860,"height":1292,"mime_type":"image\/jpeg","source_url":"https:\/\/www.villadurocfleuri.fr\/wp-content\/uploads\/2020\/06\/terrasse-priv\u00e9e-860x1292.jpg"},"full-thumb":{"file":"terrasse-priv\u00e9e-1160x535.jpg","width":1160,"height":535,"mime_type":"image\/jpeg","source_url":"https:\/\/www.villadurocfleuri.fr\/wp-content\/uploads\/2020\/06\/terrasse-priv\u00e9e-1160x535.jpg"},"project-full-thumb":{"file":"terrasse-priv\u00e9e-800x470.jpg","width":800,"height":470,"mime_type":"image\/jpeg","source_url":"https:\/\/www.villadurocfleuri.fr\/wp-content\/uploads\/2020\/06\/terrasse-priv\u00e9e-800x470.jpg"},"full-masonry-thumb":{"file":"terrasse-priv\u00e9e-1160x1743.jpg","width":1160,"height":1743,"mime_type":"image\/jpeg","source_url":"https:\/\/www.villadurocfleuri.fr\/wp-content\/uploads\/2020\/06\/terrasse-priv\u00e9e-1160x1743.jpg"},"full":{"file":"terrasse-priv\u00e9e.jpg","width":1704,"height":2560,"mime_type":"image\/jpeg","source_url":"https:\/\/www.villadurocfleuri.fr\/wp-content\/uploads\/2020\/06\/terrasse-priv\u00e9e.jpg"}},"image_meta":{"aperture":"7.1","credit":"VeroniquePAUL","camera":"NIKON D4","caption":"","created_timestamp":"1456914923","copyright":"VeroniquePAUL","focal_length":"24","iso":"100","shutter_speed":"0.005","title":"","orientation":"1","keywords":[]},"original_image":"terrasse-priv\u00e9e.jpg"},"post":10255,"source_url":"https:\/\/www.villadurocfleuri.fr\/wp-content\/uploads\/2020\/06\/terrasse-priv\u00e9e.jpg","_links":{"self":[{"href":"https:\/\/www.villadurocfleuri.fr\/en\/wp-json\/wp\/v2\/media\/10249","targetHints":{"allow":["GET"]}}],"collection":[{"href":"https:\/\/www.villadurocfleuri.fr\/en\/wp-json\/wp\/v2\/media"}],"about":[{"href":"https:\/\/www.villadurocfleuri.fr\/en\/wp-json\/wp\/v2\/types\/attachment"}],"author":[{"embeddable":true,"href":"https:\/\/www.villadurocfleuri.fr\/en\/wp-json\/wp\/v2\/users\/3"}],"replies":[{"embeddable":true,"href":"https:\/\/www.villadurocfleuri.fr\/en\/wp-json\/wp\/v2\/comments?post=10249"}],"wp:attached-to":[{"embeddable":true,"post_type":"post","id":10255,"href":"https:\/\/www.villadurocfleuri.fr\/en\/wp-json\/wp\/v2\/posts\/10255"}],"curies":[{"name":"wp","href":"https:\/\/api.w.org\/{rel}","templated":true}]}}

https://temp.villadurocfleuri.fr/wp-content/uploads/2020/06/terrasse-privée.jpg

terrasse privée

<style type="text/css"></style><p class="attachment"><a href='https://www.villadurocfleuri.fr/wp-content/uploads/2020/06/terrasse-privée.jpg'><img loading="lazy" decoding="async" width="200" height="300" src="https://www.villadurocfleuri.fr/wp-content/uploads/2020/06/terrasse-privée-200x300.jpg" class="attachment-medium size-medium" alt="entrée privative des chambres de la maison d&#039;hôte Le Roc Fleuri à Cannes 06" srcset="https://www.villadurocfleuri.fr/wp-content/uploads/2020/06/terrasse-privée-200x300.jpg 200w, https://www.villadurocfleuri.fr/wp-content/uploads/2020/06/terrasse-privée-682x1024.jpg 682w, https://www.villadurocfleuri.fr/wp-content/uploads/2020/06/terrasse-privée-768x1154.jpg 768w, https://www.villadurocfleuri.fr/wp-content/uploads/2020/06/terrasse-privée-1022x1536.jpg 1022w, https://www.villadurocfleuri.fr/wp-content/uploads/2020/06/terrasse-privée-1363x2048.jpg 1363w, https://www.villadurocfleuri.fr/wp-content/uploads/2020/06/terrasse-privée-580x871.jpg 580w, https://www.villadurocfleuri.fr/wp-content/uploads/2020/06/terrasse-privée-860x1292.jpg 860w, https://www.villadurocfleuri.fr/wp-content/uploads/2020/06/terrasse-privée-1160x1743.jpg 1160w, https://www.villadurocfleuri.fr/wp-content/uploads/2020/06/terrasse-privée-scaled.jpg 1704w" sizes="auto, (max-width: 200px) 100vw, 200px" /></a></p>
<p>entrée privée de la maison d&#8217;hôte Le Roc Fleuri à Cannes 06</p>

<p>entrée privée de la maison d&#8217;hôte Le Roc Fleuri à Cannes 06</p>

entrée privative des chambres de la maison d'hôte Le Roc Fleuri à Cannes 06

2020/06/terrasse-privée-scaled.jpg

terrasse-privée-200x300.jpg

https://www.villadurocfleuri.fr/wp-content/uploads/2020/06/terrasse-privée-200x300.jpg

terrasse-privée-682x1024.jpg

https://www.villadurocfleuri.fr/wp-content/uploads/2020/06/terrasse-privée-682x1024.jpg

terrasse-privée-150x150.jpg

https://www.villadurocfleuri.fr/wp-content/uploads/2020/06/terrasse-privée-150x150.jpg

terrasse-privée-768x1154.jpg

https://www.villadurocfleuri.fr/wp-content/uploads/2020/06/terrasse-privée-768x1154.jpg

terrasse-privée-1022x1536.jpg

https://www.villadurocfleuri.fr/wp-content/uploads/2020/06/terrasse-privée-1022x1536.jpg

terrasse-privée-1363x2048.jpg

https://www.villadurocfleuri.fr/wp-content/uploads/2020/06/terrasse-privée-1363x2048.jpg

terrasse-privée-800x600.jpg

https://www.villadurocfleuri.fr/wp-content/uploads/2020/06/terrasse-privée-800x600.jpg

terrasse-privée-55x55.jpg

https://www.villadurocfleuri.fr/wp-content/uploads/2020/06/terrasse-privée-55x55.jpg

terrasse-privée-300x300.jpg

https://www.villadurocfleuri.fr/wp-content/uploads/2020/06/terrasse-privée-300x300.jpg

terrasse-privée-580x325.jpg

https://www.villadurocfleuri.fr/wp-content/uploads/2020/06/terrasse-privée-580x325.jpg

terrasse-privée-580x400.jpg

https://www.villadurocfleuri.fr/wp-content/uploads/2020/06/terrasse-privée-580x400.jpg

terrasse-privée-580x871.jpg

https://www.villadurocfleuri.fr/wp-content/uploads/2020/06/terrasse-privée-580x871.jpg

terrasse-privée-860x1292.jpg

https://www.villadurocfleuri.fr/wp-content/uploads/2020/06/terrasse-privée-860x1292.jpg

terrasse-privée-1160x535.jpg

https://www.villadurocfleuri.fr/wp-content/uploads/2020/06/terrasse-privée-1160x535.jpg

terrasse-privée-800x470.jpg

https://www.villadurocfleuri.fr/wp-content/uploads/2020/06/terrasse-privée-800x470.jpg

terrasse-privée-1160x1743.jpg

https://www.villadurocfleuri.fr/wp-content/uploads/2020/06/terrasse-privée-1160x1743.jpg

terrasse-privée.jpg

https://www.villadurocfleuri.fr/wp-content/uploads/2020/06/terrasse-privée.jpg
