{"id":10588,"date":"2023-03-19T18:13:34","date_gmt":"2023-03-19T17:13:34","guid":{"rendered":"https:\/\/www.villadurocfleuri.fr\/wp-content\/uploads\/2023\/03\/2-fanny-plateau-petit-dejeuner-min.jpg"},"modified":"2026-01-09T15:33:39","modified_gmt":"2026-01-09T14:33:39","slug":"2-fanny-plateau-petit-dejeuner-min-2","status":"inherit","type":"attachment","link":"https:\/\/www.villadurocfleuri.fr\/en\/services-amenities\/2-fanny-plateau-petit-dejeuner-min-2\/","title":{"rendered":"2-fanny-plateau-petit-dejeuner-min"},"author":1,"featured_media":0,"comment_status":"open","ping_status":"closed","template":"","meta":[],"class_list":["post-10588","attachment","type-attachment","status-inherit","hentry"],"aioseo_notices":[],"description":{"rendered":"<style type=\"text\/css\"><\/style><p class=\"attachment\"><a href='https:\/\/www.villadurocfleuri.fr\/wp-content\/uploads\/2023\/03\/2-fanny-plateau-petit-dejeuner-min.jpg'><img loading=\"lazy\" decoding=\"async\" width=\"300\" height=\"75\" src=\"https:\/\/www.villadurocfleuri.fr\/wp-content\/uploads\/2023\/03\/2-fanny-plateau-petit-dejeuner-min-300x75.jpg\" class=\"attachment-medium size-medium\" alt=\"petit d\u00e9jeuner en chambre d&#039;h\u00f4te \u00e0 Cannes\" srcset=\"https:\/\/www.villadurocfleuri.fr\/wp-content\/uploads\/2023\/03\/2-fanny-plateau-petit-dejeuner-min-300x75.jpg 300w, https:\/\/www.villadurocfleuri.fr\/wp-content\/uploads\/2023\/03\/2-fanny-plateau-petit-dejeuner-min-1024x256.jpg 1024w, https:\/\/www.villadurocfleuri.fr\/wp-content\/uploads\/2023\/03\/2-fanny-plateau-petit-dejeuner-min-768x192.jpg 768w, https:\/\/www.villadurocfleuri.fr\/wp-content\/uploads\/2023\/03\/2-fanny-plateau-petit-dejeuner-min-1536x384.jpg 1536w, https:\/\/www.villadurocfleuri.fr\/wp-content\/uploads\/2023\/03\/2-fanny-plateau-petit-dejeuner-min-580x145.jpg 580w, https:\/\/www.villadurocfleuri.fr\/wp-content\/uploads\/2023\/03\/2-fanny-plateau-petit-dejeuner-min-860x215.jpg 860w, https:\/\/www.villadurocfleuri.fr\/wp-content\/uploads\/2023\/03\/2-fanny-plateau-petit-dejeuner-min-1160x290.jpg 1160w, https:\/\/www.villadurocfleuri.fr\/wp-content\/uploads\/2023\/03\/2-fanny-plateau-petit-dejeuner-min.jpg 1600w\" sizes=\"auto, (max-width: 300px) 100vw, 300px\" \/><\/a><\/p>\n<p>petit d\u00e9jeuner en chambre d&#8217;h\u00f4te \u00e0 Cannes Fanny plateau<\/p>\n"},"caption":{"rendered":"<p>petit d\u00e9jeuner en chambre d&#8217;h\u00f4te \u00e0 Cannes Fanny plateau<\/p>\n"},"alt_text":"petit d\u00e9jeuner en chambre d'h\u00f4te \u00e0 Cannes","media_type":"image","mime_type":"image\/jpeg","media_details":{"width":1600,"height":400,"file":"2023\/03\/2-fanny-plateau-petit-dejeuner-min.jpg","filesize":150195,"sizes":{"medium":{"file":"2-fanny-plateau-petit-dejeuner-min-300x75.jpg","width":300,"height":75,"filesize":7155,"mime_type":"image\/jpeg","source_url":"https:\/\/www.villadurocfleuri.fr\/wp-content\/uploads\/2023\/03\/2-fanny-plateau-petit-dejeuner-min-300x75.jpg"},"large":{"file":"2-fanny-plateau-petit-dejeuner-min-1024x256.jpg","width":1024,"height":256,"filesize":58075,"mime_type":"image\/jpeg","source_url":"https:\/\/www.villadurocfleuri.fr\/wp-content\/uploads\/2023\/03\/2-fanny-plateau-petit-dejeuner-min-1024x256.jpg"},"thumbnail":{"file":"2-fanny-plateau-petit-dejeuner-min-150x150.jpg","width":150,"height":150,"filesize":7563,"mime_type":"image\/jpeg","source_url":"https:\/\/www.villadurocfleuri.fr\/wp-content\/uploads\/2023\/03\/2-fanny-plateau-petit-dejeuner-min-150x150.jpg"},"medium_large":{"file":"2-fanny-plateau-petit-dejeuner-min-768x192.jpg","width":768,"height":192,"filesize":35371,"mime_type":"image\/jpeg","source_url":"https:\/\/www.villadurocfleuri.fr\/wp-content\/uploads\/2023\/03\/2-fanny-plateau-petit-dejeuner-min-768x192.jpg"},"1536x1536":{"file":"2-fanny-plateau-petit-dejeuner-min-1536x384.jpg","width":1536,"height":384,"filesize":112097,"mime_type":"image\/jpeg","source_url":"https:\/\/www.villadurocfleuri.fr\/wp-content\/uploads\/2023\/03\/2-fanny-plateau-petit-dejeuner-min-1536x384.jpg"},"post-thumbnail":{"file":"2-fanny-plateau-petit-dejeuner-min-800x400.jpg","width":800,"height":400,"filesize":67751,"mime_type":"image\/jpeg","source_url":"https:\/\/www.villadurocfleuri.fr\/wp-content\/uploads\/2023\/03\/2-fanny-plateau-petit-dejeuner-min-800x400.jpg"},"small-thumb":{"file":"2-fanny-plateau-petit-dejeuner-min-55x55.jpg","width":55,"height":55,"filesize":1556,"mime_type":"image\/jpeg","source_url":"https:\/\/www.villadurocfleuri.fr\/wp-content\/uploads\/2023\/03\/2-fanny-plateau-petit-dejeuner-min-55x55.jpg"},"square-thumb":{"file":"2-fanny-plateau-petit-dejeuner-min-300x300.jpg","width":300,"height":300,"filesize":24136,"mime_type":"image\/jpeg","source_url":"https:\/\/www.villadurocfleuri.fr\/wp-content\/uploads\/2023\/03\/2-fanny-plateau-petit-dejeuner-min-300x300.jpg"},"blog-masonry-thumb":{"file":"2-fanny-plateau-petit-dejeuner-min-580x325.jpg","width":580,"height":325,"filesize":40069,"mime_type":"image\/jpeg","source_url":"https:\/\/www.villadurocfleuri.fr\/wp-content\/uploads\/2023\/03\/2-fanny-plateau-petit-dejeuner-min-580x325.jpg"},"project-thumb":{"file":"2-fanny-plateau-petit-dejeuner-min-580x400.jpg","width":580,"height":400,"filesize":52890,"mime_type":"image\/jpeg","source_url":"https:\/\/www.villadurocfleuri.fr\/wp-content\/uploads\/2023\/03\/2-fanny-plateau-petit-dejeuner-min-580x400.jpg"},"project-masonry-thumb":{"file":"2-fanny-plateau-petit-dejeuner-min-580x145.jpg","width":580,"height":145,"filesize":22472,"mime_type":"image\/jpeg","source_url":"https:\/\/www.villadurocfleuri.fr\/wp-content\/uploads\/2023\/03\/2-fanny-plateau-petit-dejeuner-min-580x145.jpg"},"masonry-thumb":{"file":"2-fanny-plateau-petit-dejeuner-min-860x215.jpg","width":860,"height":215,"filesize":43625,"mime_type":"image\/jpeg","source_url":"https:\/\/www.villadurocfleuri.fr\/wp-content\/uploads\/2023\/03\/2-fanny-plateau-petit-dejeuner-min-860x215.jpg"},"full-thumb":{"file":"2-fanny-plateau-petit-dejeuner-min-1160x400.jpg","width":1160,"height":400,"filesize":96392,"mime_type":"image\/jpeg","source_url":"https:\/\/www.villadurocfleuri.fr\/wp-content\/uploads\/2023\/03\/2-fanny-plateau-petit-dejeuner-min-1160x400.jpg"},"project-full-thumb":{"file":"2-fanny-plateau-petit-dejeuner-min-800x400.jpg","width":800,"height":400,"filesize":67751,"mime_type":"image\/jpeg","source_url":"https:\/\/www.villadurocfleuri.fr\/wp-content\/uploads\/2023\/03\/2-fanny-plateau-petit-dejeuner-min-800x400.jpg"},"full-masonry-thumb":{"file":"2-fanny-plateau-petit-dejeuner-min-1160x290.jpg","width":1160,"height":290,"filesize":72689,"mime_type":"image\/jpeg","source_url":"https:\/\/www.villadurocfleuri.fr\/wp-content\/uploads\/2023\/03\/2-fanny-plateau-petit-dejeuner-min-1160x290.jpg"},"full":{"file":"2-fanny-plateau-petit-dejeuner-min.jpg","width":1600,"height":400,"mime_type":"image\/jpeg","source_url":"https:\/\/www.villadurocfleuri.fr\/wp-content\/uploads\/2023\/03\/2-fanny-plateau-petit-dejeuner-min.jpg"}},"image_meta":{"aperture":"0","credit":"","camera":"","caption":"","created_timestamp":"0","copyright":"","focal_length":"0","iso":"0","shutter_speed":"0","title":"","orientation":"0","keywords":[]}},"post":8884,"source_url":"https:\/\/www.villadurocfleuri.fr\/wp-content\/uploads\/2023\/03\/2-fanny-plateau-petit-dejeuner-min.jpg","_links":{"self":[{"href":"https:\/\/www.villadurocfleuri.fr\/en\/wp-json\/wp\/v2\/media\/10588","targetHints":{"allow":["GET"]}}],"collection":[{"href":"https:\/\/www.villadurocfleuri.fr\/en\/wp-json\/wp\/v2\/media"}],"about":[{"href":"https:\/\/www.villadurocfleuri.fr\/en\/wp-json\/wp\/v2\/types\/attachment"}],"author":[{"embeddable":true,"href":"https:\/\/www.villadurocfleuri.fr\/en\/wp-json\/wp\/v2\/users\/1"}],"replies":[{"embeddable":true,"href":"https:\/\/www.villadurocfleuri.fr\/en\/wp-json\/wp\/v2\/comments?post=10588"}],"wp:attached-to":[{"embeddable":true,"post_type":"page","id":8884,"href":"https:\/\/www.villadurocfleuri.fr\/en\/wp-json\/wp\/v2\/pages\/8884"}],"curies":[{"name":"wp","href":"https:\/\/api.w.org\/{rel}","templated":true}]}}

<style type="text/css"></style><p class="attachment"><a href='https://www.villadurocfleuri.fr/wp-content/uploads/2023/03/2-fanny-plateau-petit-dejeuner-min.jpg'><img loading="lazy" decoding="async" width="300" height="75" src="https://www.villadurocfleuri.fr/wp-content/uploads/2023/03/2-fanny-plateau-petit-dejeuner-min-300x75.jpg" class="attachment-medium size-medium" alt="petit déjeuner en chambre d&#039;hôte à Cannes" srcset="https://www.villadurocfleuri.fr/wp-content/uploads/2023/03/2-fanny-plateau-petit-dejeuner-min-300x75.jpg 300w, https://www.villadurocfleuri.fr/wp-content/uploads/2023/03/2-fanny-plateau-petit-dejeuner-min-1024x256.jpg 1024w, https://www.villadurocfleuri.fr/wp-content/uploads/2023/03/2-fanny-plateau-petit-dejeuner-min-768x192.jpg 768w, https://www.villadurocfleuri.fr/wp-content/uploads/2023/03/2-fanny-plateau-petit-dejeuner-min-1536x384.jpg 1536w, https://www.villadurocfleuri.fr/wp-content/uploads/2023/03/2-fanny-plateau-petit-dejeuner-min-580x145.jpg 580w, https://www.villadurocfleuri.fr/wp-content/uploads/2023/03/2-fanny-plateau-petit-dejeuner-min-860x215.jpg 860w, https://www.villadurocfleuri.fr/wp-content/uploads/2023/03/2-fanny-plateau-petit-dejeuner-min-1160x290.jpg 1160w, https://www.villadurocfleuri.fr/wp-content/uploads/2023/03/2-fanny-plateau-petit-dejeuner-min.jpg 1600w" sizes="auto, (max-width: 300px) 100vw, 300px" /></a></p>
<p>petit déjeuner en chambre d&#8217;hôte à Cannes Fanny plateau</p>

<p>petit déjeuner en chambre d&#8217;hôte à Cannes Fanny plateau</p>

petit déjeuner en chambre d'hôte à Cannes
