{"id":10593,"date":"2023-03-19T18:17:05","date_gmt":"2023-03-19T17:17:05","guid":{"rendered":"https:\/\/www.villadurocfleuri.fr\/wp-content\/uploads\/2023\/03\/1-proprietaire-min.jpg"},"modified":"2026-01-09T15:27:51","modified_gmt":"2026-01-09T14:27:51","slug":"1-proprietaire-min-2","status":"inherit","type":"attachment","link":"https:\/\/www.villadurocfleuri.fr\/en\/1-proprietaire-min-2\/","title":{"rendered":"1-proprietaire-min"},"author":1,"featured_media":0,"comment_status":"open","ping_status":"closed","template":"","meta":[],"class_list":["post-10593","attachment","type-attachment","status-inherit","hentry"],"aioseo_notices":[],"description":{"rendered":"<style type=\"text\/css\"><\/style><p class=\"attachment\"><a href='https:\/\/www.villadurocfleuri.fr\/wp-content\/uploads\/2023\/03\/1-proprietaire-min.jpg'><img loading=\"lazy\" decoding=\"async\" width=\"220\" height=\"220\" src=\"https:\/\/www.villadurocfleuri.fr\/wp-content\/uploads\/2023\/03\/1-proprietaire-min.jpg\" class=\"attachment-medium size-medium\" alt=\"les propri\u00e9taires de maison d&#039;h\u00f4te Le Roc Fleuri \u00e0 Cannes 06\" srcset=\"https:\/\/www.villadurocfleuri.fr\/wp-content\/uploads\/2023\/03\/1-proprietaire-min.jpg 220w, https:\/\/www.villadurocfleuri.fr\/wp-content\/uploads\/2023\/03\/1-proprietaire-min-150x150.jpg 150w, https:\/\/www.villadurocfleuri.fr\/wp-content\/uploads\/2023\/03\/1-proprietaire-min-55x55.jpg 55w\" sizes=\"auto, (max-width: 220px) 100vw, 220px\" \/><\/a><\/p>\n"},"caption":{"rendered":""},"alt_text":"les propri\u00e9taires de maison d'h\u00f4te Le Roc Fleuri \u00e0 Cannes 06","media_type":"image","mime_type":"image\/jpeg","media_details":{"width":220,"height":220,"file":"2023\/03\/1-proprietaire-min.jpg","filesize":20693,"sizes":{"thumbnail":{"file":"1-proprietaire-min-150x150.jpg","width":150,"height":150,"filesize":8544,"mime_type":"image\/jpeg","source_url":"https:\/\/www.villadurocfleuri.fr\/wp-content\/uploads\/2023\/03\/1-proprietaire-min-150x150.jpg"},"small-thumb":{"file":"1-proprietaire-min-55x55.jpg","width":55,"height":55,"filesize":1710,"mime_type":"image\/jpeg","source_url":"https:\/\/www.villadurocfleuri.fr\/wp-content\/uploads\/2023\/03\/1-proprietaire-min-55x55.jpg"},"full":{"file":"1-proprietaire-min.jpg","width":220,"height":220,"mime_type":"image\/jpeg","source_url":"https:\/\/www.villadurocfleuri.fr\/wp-content\/uploads\/2023\/03\/1-proprietaire-min.jpg"}},"image_meta":{"aperture":"0","credit":"","camera":"","caption":"","created_timestamp":"0","copyright":"","focal_length":"0","iso":"0","shutter_speed":"0","title":"","orientation":"0","keywords":[]}},"post":null,"source_url":"https:\/\/www.villadurocfleuri.fr\/wp-content\/uploads\/2023\/03\/1-proprietaire-min.jpg","_links":{"self":[{"href":"https:\/\/www.villadurocfleuri.fr\/en\/wp-json\/wp\/v2\/media\/10593","targetHints":{"allow":["GET"]}}],"collection":[{"href":"https:\/\/www.villadurocfleuri.fr\/en\/wp-json\/wp\/v2\/media"}],"about":[{"href":"https:\/\/www.villadurocfleuri.fr\/en\/wp-json\/wp\/v2\/types\/attachment"}],"author":[{"embeddable":true,"href":"https:\/\/www.villadurocfleuri.fr\/en\/wp-json\/wp\/v2\/users\/1"}],"replies":[{"embeddable":true,"href":"https:\/\/www.villadurocfleuri.fr\/en\/wp-json\/wp\/v2\/comments?post=10593"}]}}

<style type="text/css"></style><p class="attachment"><a href='https://www.villadurocfleuri.fr/wp-content/uploads/2023/03/1-proprietaire-min.jpg'><img loading="lazy" decoding="async" width="220" height="220" src="https://www.villadurocfleuri.fr/wp-content/uploads/2023/03/1-proprietaire-min.jpg" class="attachment-medium size-medium" alt="les propriétaires de maison d&#039;hôte Le Roc Fleuri à Cannes 06" srcset="https://www.villadurocfleuri.fr/wp-content/uploads/2023/03/1-proprietaire-min.jpg 220w, https://www.villadurocfleuri.fr/wp-content/uploads/2023/03/1-proprietaire-min-150x150.jpg 150w, https://www.villadurocfleuri.fr/wp-content/uploads/2023/03/1-proprietaire-min-55x55.jpg 55w" sizes="auto, (max-width: 220px) 100vw, 220px" /></a></p>

les propriétaires de maison d'hôte Le Roc Fleuri à Cannes 06
